(-2).
42
Let f(t) = t**2 - 20*t - 1. Calculate f(20).
-1
Let l(d) = d**2 - 11*d - 6. Determine l(11).
-6
Let n(m) = -m + 2. Give n(-6).
8
Let i(n) = 12*n - 4. Give i(3).
32
Let l(i) = 4*i**3 + 16*i**2 + 3*i + 7. Calculate l(-4).
-5
Let y(v) = v**2 + v + 5. Calculate y(0).
5
Let n(j) = -11*j + 93. What is n(8)?
5
Let p(q) = q**3 - 3*q**2 - 9. Determine p(4).
7
Let r(s) = 2*s - 13. What is r(0)?
-13
Let w(b) = b**2 - 49*b + 438. Give w(12).
-6
Let t(f) = -f**3 - 19*f**2 - 89*f - 61. Give t(-6).
5
Let w(r) = r**2 - 37. Give w(-7).
12
Let n(o) = -3*o**2 + 5*o + 4. What is n(-3)?
-38
Let n(l) = -2*l**2 - 4*l + 11. What is n(-4)?
-5
Let j(z) = 5*z - 6. Give j(-6).
-36
Let s(o) = -o**2 - 3*o + 10. Determine s(7).
-60
Let b(j) = -6*j + 107. Calculate b(18).
-1
Let y(v) = 8*v**2 - 10*v + 5. Determine y(1).
3
Let t(m) = m**3 + 20*m**2 - m - 14. Determine t(-20).
6
Let d(h) = -h - 14. What is d(-7)?
-7
Let g(m) = m**2 - 24*m - 81. Calculate g(27).
0
Let m(g) = -g**2 - 3*g - 11. Give m(-6).
-29
Let i(g) = 3*g - 3. Calculate i(-5).
-18
Let v(p) = 33*p + 262. Determine v(-8).
-2
Let v(z) = 29*z - 3. What is v(2)?
55
Let j(l) = l**2 - 5*l - 3. Determine j(5).
-3
Let u(c) = c - 47. Give u(0).
-47
Let b(p) = -p**2 + 9. Determine b(-4).
-7
Let b(z) = z**3 + z**2 + 4*z - 4. What is b(3)?
44
Let k(t) = -t**3 - 2*t**2 + 9*t - 2. Give k(-4).
-6
Let z(c) = c**2 + 4*c + 2. What is z(-3)?
-1
Let y(v) = -9*v + 2. Calculate y(1).
-7
Let w(v) = -8*v - 62. Calculate w(-7).
-6
Let i(w) = -2*w + 3. Determine i(1).
1
Let o(i) = -i**2 + 13*i - 13. Calculate o(12).
-1
Let u(z) = -z**2 - 4*z + 17. Calculate u(-4).
17
Let z(i) = -i**3 + 7*i**2 - 10*i - 10. Determine z(5).
-10
Let s(c) = -c**2 - c + 19. Determine s(4).
-1
Let g(s) = -2*s**3 + 8*s**2 + 5*s + 1. What is g(6)?
-113
Let m(y) = 2*y**2 + 5*y - 7. Calculate m(3).
26
Let n(i) = 2*i**2 + 4*i + 3. Determine n(-3).
9
Let v(k) = -66*k. Give v(1).
-66
Let l(x) = 15*x**2 - 2*x - 1. Determine l(-1).
16
Let t(c) = -2*c**2 - 37*c - 3. What is t(-10)?
167
Let m(h) = -104*h - 87. Determine m(-1).
17
Let j(u) = u**2 - u - 9. What is j(0)?
-9
Let x(j) = 2*j**3 - j**2 - 8*j - 7. Calculate x(3).
14
Let o(h) = 2*h + 3. Calculate o(7).
17
Let s(u) = u**3 - 27*u**2 + 51*u - 13. What is s(25)?
12
Let f(y) = 7*y**2 - 2*y - 2. Calculate f(1).
3
Let z(h) = h + 27. Give z(-16).
11
Let q(r) = r**2 - 18*r + 17. Calculate q(17).
0
Let y(f) = 17*f + 6. Determine y(1).
23
Let c(k) = 2*k - 4. What is c(-19)?
-42
Let o(v) = -v + 90. Calculate o(0).
90
Let b(f) = -33*f**3 - f**2 - 2*f - 1. What is b(-1)?
33
Let g(d) = d + 6. What is g(-12)?
-6
Let t(u) = -u**3 - 2*u**2 - 2*u + 1. Give t(-2).
5
Let h(q) = -q**2 + 8*q - 14. What is h(7)?
-7
Let x(w) = 2*w**2 - 18*w - 9. Determine x(9).
-9
Let a(u) = -u**3 + 4*u - 2. Determine a(2).
-2
Let p(a) = a**2 - 9*a - 28. Calculate p(13).
24
Let v(x) = -9*x**2 - x - 2. Calculate v(-2).
-36
Let b(c) = -c**2 - 8*c - 1. Give b(-7).
6
Let h(s) = s**3 - 12*s**2 + 10*s + 15. Determine h(11).
4
Let z(m) = 5*m**3 - m**2 + 1. What is z(-1)?
-5
Let h(y) = -7*y**2 - 28*y + 2. Calculate h(-4).
2
Let c(k) = -k**2 - 8*k + 4. Determine c(-7).
11
Let p(c) = c**2 - 4*c. What is p(3)?
-3
Let b(p) = -p**3 + 7*p**2 + 12*p + 1. What is b(9)?
-53
Let n(h) = -h**2 + 18*h - 19. Give n(12).
53
Let d(s) = s**3 + 7*s**2 - s - 41. Determine d(-6).
1
Let v(b) = 8*b**2 + 249*b + 34. What is v(-31)?
3
Let q(t) = 24*t**3 + t**2. What is q(1)?
25
Let v(z) = -8*z**2 - z + 2. Give v(-2).
-28
Let y(k) = 31*k - 149. What is y(4)?
-25
Let o(l) = 16*l**3 - l - 1. What is o(-1)?
-16
Let w(x) = x**2 - 2*x - 14. Determine w(4).
-6
Let x(w) = w**3 - 7*w**2 + 9*w - 1. Give x(6).
17
Let j(q) = 15*q + 59. Calculate j(-4).
-1
Let i(l) = 10*l - 1. Determine i(-1).
-11
Let r(q) = q**2 + 7*q - 1. Determine r(-8).
7
Let x(n) = -9*n - 8. Give x(-4).
28
Let g(d) = -d**3 + 21*d**2 - 28*d + 158. Calculate g(20).
-2
Let v(x) = x**2 + 2*x - 43. What is v(6)?
5
Let f(a) = a**3 + 11*a**2 - 12*a + 5. What is f(-12)?
5
Let j(v) = -v**2 + 5*v - 16. Determine j(0).
-16
Let w(p) = -7*p - 8. What is w(-7)?
41
Let v(t) = 12*t + 1. Give v(1).
13
Let b(i) = -i**3 + 7*i**2 - 6*i - 4. Give b(6).
-4
Let x(i) = -33*i - 63. Determine x(-2).
3
Let q(u) = -u**3 - 9. Give q(0).
-9
Let t(o) = -o**2 - 2*o + 8. What is t(0)?
8
Let x(j) = j**2 - 43*j + 303. Determine x(9).
-3
Let v(o) = -o**3 + 5*o**2 - 4. Determine v(5).
-4
Let u(m) = 4*m**2 + 31*m + 54. Give u(-4).
-6
Let u(r) = r**2 - r - 5. Determine u(4).
7
Let g(d) = 2*d - 37. Give g(0).
-37
Let p(a) = 30*a**2 - 1. Determine p(2).
119
Let d(c) = 15*c. Give d(-2).
-30
Let k(r) = -r**2 - 2*r + 3. Give k(3).
-12
Let l(b) = b**3 + 15*b**2 - 16*b + 13. What is l(-16)?
13
Let h(o) = -3*o - 12. What is h(-4)?
0
Let u(r) = 18*r - 3. Calculate u(4).
69
Let s(c) = -3*c**2 - 17*c + 8. What is s(-6)?
2
Let q(g) = -g**3 + 57*g**2 + 119*g - 59. Determine q(59).
0
Let a(v) = 2*v - 55. Give a(16).
-23
Let h(g) = g + 28. Give h(-14).
14
Let k(p) = 3*p + 24. What is k(-8)?
0
Let z(m) = m**3 - 11*m**2 - 8*m + 24. Determine z(12).
72
Let u(g) = -2*g**2 - 15*g + 24. Calculate u(-9).
-3
Let d(k) = k**2 + 10*k - 2. Calculate d(-9).
-11
Let o(f) = -6*f**3 - f**2 - 5*f - 2. What is o(-2)?
52
Let d(g) = -7*g + 5. Give d(-5).
40
Let m(r) = -2*r**3 + 30*r**2 + 68*r - 4. Determine m(17).
-4
Let l(c) = 4*c + 102. What is l(-31)?
-22
Let h(q) = q**3 - 6*q**2 - 7*q + 5. What is h(7)?
5
Let j(n) = n - 21. What is j(17)?
-4
Let t(k) = 3*k + 66. Give t(-25).
-9
Let p(x) = -x**3 - 5*x**2 - 6*x - 5. Give p(-3).
-5
Let m(c) = -c**2 + 9*c. Give m(9).
0
Let t(a) = -a**2 + 2*a - 9. What is t(-5)?
-44
Let i(o) = -o**3 + 7*o**2 - 6*o - 5. What is i(5)?
15
Let z(y) = 2*y + 7. What is z(19)?
45
Let p(g) = 6*g + 6. Calculate p(-3).
-12
Let a(l) = -l**3 + 12*l**2 - 3*l + 1. Calculate a(12).
-35
Let h(u) = -u**3 - 9*u**2 + 6*u - 14. Calculate h(-10).
26
Let g(i) = i**2 - 27*i + 39. What is g(27)?
39
Let i(q) = -q - 20. Calculate i(-18).
-2
Let h(k) = -7*k**2 + k - 3. Give h(3).
-63
Let n(q) = -15*q. Calculate n(-1).
15
Let a(f) = 27*f**2 + 13*f + 2. Determine a(-1).
16
Let m(l) = -103*l - 1144. Calculate m(-11).
-11
Let v(i) = i**3 - 2*i**2 - i + 1. Calculate v(-2).
-13
Let d(l) = 7*l - 11. Give d(-8).
-67
Let t(v) = 6*v**3 + v**2 + v. Calculate t(-1).
-6
Let z(c) = 34*c**2 - 2*c. Calculate z(-1).
36
Let f(k) = k**2 + 5*k - 11. Give f(-6).
-5
Let x(z) = 6*z + 265. Give x(-44).
1
Let n(s) = 3*s - 59. Determine n(-10).
-89
Let c(s) = -s**2 - s + 9. Calculate c(5).
-21
Let v(o) = -o**3 - o**2 - 3*o - 5. Determine v(-2).
5
Let t(z) = -z**3 + 9*z**2 + z - 14. Calculate t(9).
-5
Let x(p) = p**3 - 11*p**2 + 15*p + 11. What is x(9)?
-16
Let u(w) = 29*w**3 - w**2. Calculate u(1).
28
Let f(o) = -o**3 + 11*o**2 - 9*o - 13. What is f(10)?
-3
Let o(a) = -a + 20. Determine o(17).
3
Let h(j) = -j**2 + 2*j + 41. Calculate h(0).
41
Let j(y) = 2*y + 1. Determine j(-5).
-9
Let x(d) = -4*d**2 + 56*d + 47. What is x(15)?
-13
Let w(a) = -13*a - 3. What is w(-4)?
49
Let c(z) = 9*z**3 + 7*z - 7. Give c(1).
9
Let u(h) = 3*h**2 - 157*h + 52. Calculate u(52).
0
Let j(z) = 27*z**2 - 6*z + 5. Give j(1).
26
Let u(c) = -c**3 + 9*c**2 + 2*c - 25. Calculate u(9).
-7
Let b(l) = l**2 - 8*l - 15. Give b(7).
-22
Let c(a) = a**2 + 6*a - 16. Calculate c(10).
144
Let h(t) = 6*t + 3. Give h(-5).
-27
Let o(w) = -37*w - 1. Determine o(-1).
36
Let q(c) = 2*c**2 - 15*c + 27. Determine q(2).
5
Let l(r) = -10*r + 53. Calculate l(5).
3
Let p(q) = q**2 - 15*q + 16. Determine p(15).
16
Let k(w) = -w**3 + 33*w**2 - 34*w + 65. What is k(32)?
1
Let c(o) = 16*o - 87. What is c(5)?
-7
Let l(k) = 6*k + 5. Give l(-4).
-19
Let u(p) = -p**3 + 10*p**2 - 9*p. Determine u(9).
0
Let g(j) = j**3 - 8*j**2 + 7*j + 14. What is g(7)?
14
Let u(x) = -9*x + 2. Calculate u(-2).
20
Let r(c) = c**3 - 10*c**2 + 16*c - 27. Give r(8).
-27
Let u(o) = 26*o**3 - 5*o + 4. Calculate u(1).
25
Let u(h) = -h. Calculate u(-5).
5
Let i(t) = -t**3 - 5*t**2 - 3*t + 3. Give i(-4).
-1
Let n(v) = -v**3 + 4*v**2 + 12*v + 3. Calculate n(-2).
3
Let g(t) = -14*t - 5. Calculate g(3).
-47
Let w(f) = f**3 - 13*f**2 - 16*f + 25. Determine w(14).
-3
Let a(s) = 4*s - 180. Calculate a(47).
8
Let y(o) = o**3 + 6*o**2 + 8*o + 2. Determine y(-2).
2
Let r(b) = -b**2 - 5*b + 14. Calc